{"id":1225,"date":"2019-01-08T06:14:37","date_gmt":"2019-01-08T06:14:37","guid":{"rendered":"http:\/\/localhost\/Exhibz\/?page_id=1225"},"modified":"2025-05-25T13:19:33","modified_gmt":"2025-05-25T11:19:33","slug":"contact","status":"publish","type":"page","link":"https:\/\/cdreception.fr\/?page_id=1225","title":{"rendered":"Contact"},"content":{"rendered":"<h2>Information de contact<\/h2>\n<p>Vous trouverez ci-dessous les coordonn\u00e9es de C&amp;D Events.<\/p>\n<p><a href=\"https:\/\/www.instagram.com\/cdevents.reception\/\" target=\"_blank\" rel=\"noopener\"><br><\/a><\/p>\n\n<style id=\"wpforms-css-vars-root\">\n\t\t\t\t:root {\n\t\t\t\t\t--wpforms-field-border-radius: 3px;\n--wpforms-field-background-color: #ffffff;\n--wpforms-field-border-color: rgba( 0, 0, 0, 0.25 );\n--wpforms-field-text-color: rgba( 0, 0, 0, 0.7 );\n--wpforms-label-color: rgba( 0, 0, 0, 0.85 );\n--wpforms-label-sublabel-color: rgba( 0, 0, 0, 0.55 );\n--wpforms-label-error-color: #d63637;\n--wpforms-button-border-radius: 3px;\n--wpforms-button-background-color: #066aab;\n--wpforms-button-text-color: #ffffff;\n--wpforms-field-size-input-height: 43px;\n--wpforms-field-size-input-spacing: 15px;\n--wpforms-field-size-font-size: 16px;\n--wpforms-field-size-line-height: 19px;\n--wpforms-field-size-padding-h: 14px;\n--wpforms-field-size-checkbox-size: 16px;\n--wpforms-field-size-sublabel-spacing: 5px;\n--wpforms-field-size-icon-size: 1;\n--wpforms-label-size-font-size: 16px;\n--wpforms-label-size-line-height: 19px;\n--wpforms-label-size-sublabel-font-size: 14px;\n--wpforms-label-size-sublabel-line-height: 17px;\n--wpforms-button-size-font-size: 17px;\n--wpforms-button-size-height: 41px;\n--wpforms-button-size-padding-h: 15px;\n--wpforms-button-size-margin-top: 10px;\n\n\t\t\t\t}\n\t\t\t<\/style><style id=\"wpforms-css-vars-3591-block-8cda9841-79a0-463f-b46c-3f3e78a569e5\">\n\t\t\t\t#wpforms-3591.wpforms-block-8cda9841-79a0-463f-b46c-3f3e78a569e5 {\n\t\t\t\t\t--wpforms-field-border-color: #85a399;\n--wpforms-button-background-color: #85a399;\n\n\t\t\t\t}\n\t\t\t<\/style><div class=\"wpforms-container wpforms-container-full wpforms-block wpforms-block-8cda9841-79a0-463f-b46c-3f3e78a569e5 wpforms-render-modern\" id=\"wpforms-3591\"><form id=\"wpforms-form-3591\" class=\"wpforms-validate wpforms-form wpforms-ajax-form\" data-formid=\"3591\" method=\"post\" enctype=\"multipart\/form-data\" action=\"\/index.php?rest_route=%2Fwp%2Fv2%2Fpages%2F1225\" data-token=\"bb4df5177d021e92c30b33d1678fa97c\"><noscript class=\"wpforms-error-noscript\">Veuillez activer JavaScript dans votre navigateur pour remplir ce formulaire.<\/noscript><div class=\"wpforms-hidden\" id=\"wpforms-error-noscript\">Veuillez activer JavaScript dans votre navigateur pour remplir ce formulaire.<\/div><div class=\"wpforms-field-container\"><div id=\"wpforms-3591-field_0-container\" class=\"wpforms-field wpforms-field-name\" data-field-id=\"0\"><fieldset><legend class=\"wpforms-field-label\">Nom <span class=\"wpforms-required-label\" aria-hidden=\"true\">*<\/span><\/legend><div class=\"wpforms-field-row wpforms-field-medium\"><div class=\"wpforms-field-row-block wpforms-first wpforms-one-half\"><input type=\"text\" id=\"wpforms-3591-field_0\" class=\"wpforms-field-name-first wpforms-field-required\" name=\"wpforms[fields][0][first]\" aria-errormessage=\"wpforms-3591-field_0-error\" required><label for=\"wpforms-3591-field_0\" class=\"wpforms-field-sublabel after \">Pr\u00e9nom<\/label><\/div><div class=\"wpforms-field-row-block wpforms-one-half\"><input type=\"text\" id=\"wpforms-3591-field_0-last\" class=\"wpforms-field-name-last wpforms-field-required\" name=\"wpforms[fields][0][last]\" aria-errormessage=\"wpforms-3591-field_0-last-error\" required><label for=\"wpforms-3591-field_0-last\" class=\"wpforms-field-sublabel after \">Nom<\/label><\/div><\/div><\/fieldset><\/div><div id=\"wpforms-3591-field_1-container\" class=\"wpforms-field wpforms-field-email\" data-field-id=\"1\"><label class=\"wpforms-field-label\" for=\"wpforms-3591-field_1\">E-mail <span class=\"wpforms-required-label\" aria-hidden=\"true\">*<\/span><\/label><input type=\"email\" id=\"wpforms-3591-field_1\" class=\"wpforms-field-medium wpforms-field-required\" name=\"wpforms[fields][1]\" spellcheck=\"false\" aria-errormessage=\"wpforms-3591-field_1-error\" required><\/div><div id=\"wpforms-3591-field_2-container\" class=\"wpforms-field wpforms-field-textarea\" data-field-id=\"2\"><label class=\"wpforms-field-label\" for=\"wpforms-3591-field_2\">Commentaire ou message<\/label><textarea id=\"wpforms-3591-field_2\" class=\"wpforms-field-medium\" name=\"wpforms[fields][2]\" aria-errormessage=\"wpforms-3591-field_2-error\" ><\/textarea><\/div><\/div><!-- .wpforms-field-container --><div class=\"wpforms-submit-container\" ><input type=\"hidden\" name=\"wpforms[id]\" value=\"3591\"><input type=\"hidden\" name=\"wpforms[author]\" value=\"2\"><button type=\"submit\" name=\"wpforms[submit]\" id=\"wpforms-submit-3591\" class=\"wpforms-submit\" data-alt-text=\"Envoi...\" data-submit-text=\"Envoyer\" aria-live=\"assertive\" value=\"wpforms-submit\">Envoyer<\/button><img decoding=\"async\" loading=\"lazy\" src=\"https:\/\/cdreception.fr\/wp-content\/plugins\/wpforms-lite\/assets\/images\/submit-spin.svg\" class=\"wpforms-submit-spinner\" style=\"display: none;\" width=\"26\" height=\"26\" alt=\"Chargement en cours\"><\/div><\/form><\/div>  <!-- .wpforms-container --><p><a href=\"\/\/www.pinterest.com\/pin\/create\/button\/\" data-pin-do=\"buttonBookmark\" data-pin-color=\"red\" data-pin-height=\"128\"><img src=\"\/\/assets.pinterest.com\/images\/pidgets\/pinit_fg_en_rect_red_28.png\" \/><\/a><\/p>","protected":false},"excerpt":{"rendered":"<p>Information de contact Vous trouverez ci-dessous les coordonn\u00e9es de C&amp;D Events.<\/p>\n","protected":false},"author":2,"featured_media":0,"parent":0,"menu_order":0,"comment_status":"closed","ping_status":"closed","template":"","meta":{"om_disable_all_campaigns":false,"_mi_skip_tracking":false,"_monsterinsights_sitenote_active":false,"_monsterinsights_sitenote_note":"","_monsterinsights_sitenote_category":0},"aioseo_notices":[],"yoast_head":"<!-- This site is optimized with the Yoast SEO plugin v16.9 - https:\/\/yoast.com\/wordpress\/plugins\/seo\/ -->\n<title>Contact - C&amp;D Events - Votre Wedding Planner dans l&#039;Oise<\/title>\n<meta name=\"description\" content=\"Vous avez un \u00e9v\u00e9nement \u00e0 organiser ? Une question ? C&amp;D Events, votre wedding planner vous r\u00e9pond sous 48h, par mail, whatsapp ou t\u00e9l\u00e9phone.\" \/>\n<meta name=\"robots\" content=\"index, follow, max-snippet:-1, max-image-preview:large, max-video-preview:-1\" \/>\n<link rel=\"canonical\" href=\"http:\/\/cdreception.fr\/?page_id=1225\" \/>\n<meta property=\"og:locale\" content=\"fr_FR\" \/>\n<meta property=\"og:type\" content=\"article\" \/>\n<meta property=\"og:title\" content=\"Contact - C&amp;D Events - Votre Wedding Planner dans l&#039;Oise\" \/>\n<meta property=\"og:description\" content=\"Vous avez un \u00e9v\u00e9nement \u00e0 organiser ? Une question ? C&amp;D Events, votre wedding planner vous r\u00e9pond sous 48h, par mail, whatsapp ou t\u00e9l\u00e9phone.\" \/>\n<meta property=\"og:url\" content=\"http:\/\/cdreception.fr\/?page_id=1225\" \/>\n<meta property=\"og:site_name\" content=\"C&amp;D Events - Votre Wedding Planner dans l&#039;Oise\" \/>\n<meta property=\"article:modified_time\" content=\"2025-05-25T11:19:33+00:00\" \/>\n<meta name=\"twitter:card\" content=\"summary_large_image\" \/>\n<meta name=\"twitter:label1\" content=\"Dur\u00e9e de lecture est.\" \/>\n\t<meta name=\"twitter:data1\" content=\"1 minute\" \/>\n<script type=\"application\/ld+json\" class=\"yoast-schema-graph\">{\"@context\":\"https:\/\/schema.org\",\"@graph\":[{\"@type\":\"WebSite\",\"@id\":\"https:\/\/cdreception.fr\/#website\",\"url\":\"https:\/\/cdreception.fr\/\",\"name\":\"C&amp;D Events - Votre Wedding Planner dans l&#039;Oise\",\"description\":\"Et si on organisait le mariage de vos r\\u00eaves ?\",\"potentialAction\":[{\"@type\":\"SearchAction\",\"target\":{\"@type\":\"EntryPoint\",\"urlTemplate\":\"https:\/\/cdreception.fr\/?s={search_term_string}\"},\"query-input\":\"required name=search_term_string\"}],\"inLanguage\":\"fr-FR\"},{\"@type\":\"WebPage\",\"@id\":\"http:\/\/cdreception.fr\/?page_id=1225#webpage\",\"url\":\"http:\/\/cdreception.fr\/?page_id=1225\",\"name\":\"Contact - C&amp;D Events - Votre Wedding Planner dans l&#039;Oise\",\"isPartOf\":{\"@id\":\"https:\/\/cdreception.fr\/#website\"},\"datePublished\":\"2019-01-08T06:14:37+00:00\",\"dateModified\":\"2025-05-25T11:19:33+00:00\",\"description\":\"Vous avez un \\u00e9v\\u00e9nement \\u00e0 organiser ? Une question ? C&D Events, votre wedding planner vous r\\u00e9pond sous 48h, par mail, whatsapp ou t\\u00e9l\\u00e9phone.\",\"breadcrumb\":{\"@id\":\"http:\/\/cdreception.fr\/?page_id=1225#breadcrumb\"},\"inLanguage\":\"fr-FR\",\"potentialAction\":[{\"@type\":\"ReadAction\",\"target\":[\"http:\/\/cdreception.fr\/?page_id=1225\"]}]},{\"@type\":\"BreadcrumbList\",\"@id\":\"http:\/\/cdreception.fr\/?page_id=1225#breadcrumb\",\"itemListElement\":[{\"@type\":\"ListItem\",\"position\":1,\"name\":\"Accueil\",\"item\":\"https:\/\/cdreception.fr\/\"},{\"@type\":\"ListItem\",\"position\":2,\"name\":\"Contact\"}]}]}<\/script>\n<!-- \/ Yoast SEO plugin. -->","yoast_head_json":{"title":"Contact - C&amp;D Events - Votre Wedding Planner dans l&#039;Oise","description":"Vous avez un \u00e9v\u00e9nement \u00e0 organiser ? Une question ? C&D Events, votre wedding planner vous r\u00e9pond sous 48h, par mail, whatsapp ou t\u00e9l\u00e9phone.","robots":{"index":"index","follow":"follow","max-snippet":"max-snippet:-1","max-image-preview":"max-image-preview:large","max-video-preview":"max-video-preview:-1"},"canonical":"http:\/\/cdreception.fr\/?page_id=1225","og_locale":"fr_FR","og_type":"article","og_title":"Contact - C&amp;D Events - Votre Wedding Planner dans l&#039;Oise","og_description":"Vous avez un \u00e9v\u00e9nement \u00e0 organiser ? Une question ? C&D Events, votre wedding planner vous r\u00e9pond sous 48h, par mail, whatsapp ou t\u00e9l\u00e9phone.","og_url":"http:\/\/cdreception.fr\/?page_id=1225","og_site_name":"C&amp;D Events - Votre Wedding Planner dans l&#039;Oise","article_modified_time":"2025-05-25T11:19:33+00:00","twitter_card":"summary_large_image","twitter_misc":{"Dur\u00e9e de lecture est.":"1 minute"},"schema":{"@context":"https:\/\/schema.org","@graph":[{"@type":"WebSite","@id":"https:\/\/cdreception.fr\/#website","url":"https:\/\/cdreception.fr\/","name":"C&amp;D Events - Votre Wedding Planner dans l&#039;Oise","description":"Et si on organisait le mariage de vos r\u00eaves ?","potentialAction":[{"@type":"SearchAction","target":{"@type":"EntryPoint","urlTemplate":"https:\/\/cdreception.fr\/?s={search_term_string}"},"query-input":"required name=search_term_string"}],"inLanguage":"fr-FR"},{"@type":"WebPage","@id":"http:\/\/cdreception.fr\/?page_id=1225#webpage","url":"http:\/\/cdreception.fr\/?page_id=1225","name":"Contact - C&amp;D Events - Votre Wedding Planner dans l&#039;Oise","isPartOf":{"@id":"https:\/\/cdreception.fr\/#website"},"datePublished":"2019-01-08T06:14:37+00:00","dateModified":"2025-05-25T11:19:33+00:00","description":"Vous avez un \u00e9v\u00e9nement \u00e0 organiser ? Une question ? C&D Events, votre wedding planner vous r\u00e9pond sous 48h, par mail, whatsapp ou t\u00e9l\u00e9phone.","breadcrumb":{"@id":"http:\/\/cdreception.fr\/?page_id=1225#breadcrumb"},"inLanguage":"fr-FR","potentialAction":[{"@type":"ReadAction","target":["http:\/\/cdreception.fr\/?page_id=1225"]}]},{"@type":"BreadcrumbList","@id":"http:\/\/cdreception.fr\/?page_id=1225#breadcrumb","itemListElement":[{"@type":"ListItem","position":1,"name":"Accueil","item":"https:\/\/cdreception.fr\/"},{"@type":"ListItem","position":2,"name":"Contact"}]}]}},"_links":{"self":[{"href":"https:\/\/cdreception.fr\/index.php?rest_route=\/wp\/v2\/pages\/1225"}],"collection":[{"href":"https:\/\/cdreception.fr\/index.php?rest_route=\/wp\/v2\/pages"}],"about":[{"href":"https:\/\/cdreception.fr\/index.php?rest_route=\/wp\/v2\/types\/page"}],"author":[{"embeddable":true,"href":"https:\/\/cdreception.fr\/index.php?rest_route=\/wp\/v2\/users\/2"}],"replies":[{"embeddable":true,"href":"https:\/\/cdreception.fr\/index.php?rest_route=%2Fwp%2Fv2%2Fcomments&post=1225"}],"version-history":[{"count":37,"href":"https:\/\/cdreception.fr\/index.php?rest_route=\/wp\/v2\/pages\/1225\/revisions"}],"predecessor-version":[{"id":3603,"href":"https:\/\/cdreception.fr\/index.php?rest_route=\/wp\/v2\/pages\/1225\/revisions\/3603"}],"wp:attachment":[{"href":"https:\/\/cdreception.fr\/index.php?rest_route=%2Fwp%2Fv2%2Fmedia&parent=1225"}],"curies":[{"name":"wp","href":"https:\/\/api.w.org\/{rel}","templated":true}]}}